1?
3923, 13807
List the prime factors of 2643073181.
7, 17, 3172957
What are the prime factors of 171057255?
3, 5, 11403817
What are the prime factors of 320021922?
2, 3, 11, 701, 6917
What are the prime factors of 126177720?
2, 3, 5, 1051481
What are the prime factors of 933945037?
47, 19871171
What are the prime factors of 5263657271?
5263657271
What are the prime factors of 2370525531?
3, 11, 71834107
List the prime factors of 5120890477.
131, 39090767
What are the prime factors of 5117071046?
2, 127, 20145949
List the prime factors of 3952743347.
7, 103, 727, 7541
What are the prime factors of 2472174?
2, 3, 17, 2693
List the prime factors of 722915833.
3517, 205549
List the prime factors of 24582499.
541, 45439
What are the prime factors of 3671588533?
509, 7213337
What are the prime factors of 18282362?
2, 7, 499, 2617
List the prime factors of 96664467.
3, 32221489
List the prime factors of 3434472197.
13, 107, 2469067
What are the prime factors of 2759444551?
499, 5529949
List the prime factors of 13203149.
29, 307, 1483
What are the prime factors of 110560963?
29, 101, 37747
List the prime factors of 114572194.
2, 11, 5207827
List the prime factors of 1476174529.
233, 6335513
What are the prime factors of 42732047?
42732047
What are the prime factors of 81451046?
2, 17, 101, 23719
What are the prime factors of 40043093?
167, 239779
List the prime factors of 8780534.
2, 7, 17, 79, 467
List the prime factors of 33264537.
3, 29, 382351
List the prime factors of 71030476.
2, 11, 1614329
What are the prime factors of 54986190?
2, 3, 5, 7, 19, 13781
What are the prime factors of 2070571918?
2, 23, 45012433
What are the prime factors of 1678331476?
2, 419582869
List the prime factors of 3774998552.
2, 13, 43, 844141
List the prime factors of 1829336269.
29, 131, 481531
What are the prime factors of 184065186?
2, 3, 4457, 6883
List the prime factors of 1602352605.
3, 5, 7, 15260501
List the prime factors of 17228419.
13, 1325263
List the prime factors of 157938400.
2, 5, 197423
What are the prime factors of 2670196594?
2, 13, 31, 3312899
What are the prime factors of 60128664?
2, 3, 2505361
List the prime factors of 108596028.
2, 3, 9049669
What are the prime factors of 1082737990?
2, 5, 17, 19, 335213
What are the prime factors of 948439629?
3, 109, 137, 7057
List the prime factors of 32189425.
5, 151, 8527
What are the prime factors of 119602178?
2, 43, 73, 19051
What are the prime factors of 67465715?
5, 337, 40039
What are the prime factors of 2807381507?
7, 7517, 53353
List the prime factors of 73657958.
2, 11, 251, 13339
List the prime factors of 866302673.
431, 2009983
What are the prime factors of 14945215?
5, 2989043
What are the prime factors of 27164370?
2, 3, 5, 31, 29209
List the prime factors of 17375900.
2, 5, 47, 3697
What are the prime factors of 227643001?
227643001
What are the prime factors of 18222042?
2, 3, 61, 49787
What are the prime factors of 1036745048?
2, 193, 671467
What are the prime factors of 36724149?
3, 7, 11, 197, 269
What are the prime factors of 261016595?
5, 7, 1579, 4723
What are the prime factors of 281707296?
2, 3, 13, 53, 4259
What are the prime factors of 1873819197?
3, 19, 3652669
What are the prime factors of 6669479?
167, 39937
What are the prime factors of 3453322555?
5, 5471, 126241
List the prime factors of 687717686.
2, 101, 229, 14867
What are the prime factors of 346254431?
346254431
List the prime factors of 1104207584.
2, 34506487
What are the prime factors of 31118842?
2, 43, 59, 6133
What are the prime factors of 30793253?
131, 313, 751
List the prime factors of 24530783.
24530783
List the prime factors of 104463052.
2, 26115763
List the prime factors of 207135756.
2, 3, 647, 8893
What are the prime factors of 174375787?
19, 71, 129263
List the prime factors of 9077258.
2, 73, 79, 787
List the prime factors of 422731066.
2, 31, 47, 145069
What are the prime factors of 27443627?
17, 1614331
What are the prime factors of 2994330081?
3, 41, 311, 78277
What are the prime factors of 1343391872?
2, 10495249
List the prime factors of 110234927.
11, 10021357
List the prime factors of 223370146.
2, 347, 367, 877
What are the prime factors of 49574411?
3221, 15391
What are the prime factors of 35513622?
2, 3, 19, 103841
What are the prime factors of 2871341?
11, 261031
What are the prime factors of 535984787?
13, 41229599
What are the prime factors of 2110264736?
2, 31, 547, 3889
What are the prime factors of 3055586118?
2, 3, 13, 19, 331, 6229
What are the prime factors of 2407450341?
3, 29, 41, 601, 1123
What are the prime factors of 361965938?
2, 17, 53, 200869
What are the prime factors of 30568262?
2, 29, 137, 3847
List the prime factors of 2348101318.
2, 1409, 833251
List the prime factors of 127617006.
2, 3, 11, 175781
List the prime factors of 186437746.
2, 11, 37, 233, 983
What are the prime factors of 102392193?
3, 1499, 22769
What are the prime factors of 155208308?
2, 38802077
What are the prime factors of 76147363?
76147363
List the prime factors of 353183639.
43, 191, 43003
What are the prime factors of 153309970?
2, 5, 11, 191, 7297
What are the prime factors of 2476294065?
3, 5, 7, 2620417
What are the prime factors of 4055867827?
11, 368715257
What are the prime factors of 216945599?
13, 89, 187507
What are the prime factors of 5378966?
2, 2689483
List the prime factors of 112268002.
2, 7, 11, 601, 1213
List the prime factors of 335274169.
335274169
List the prime factors of 387888382.
2, 7, 19, 83, 17569
List the prime factors of 134869475.
5, 13, 61, 6803
List the prime factors of 396262513.
409, 968857
What are the prime factors of 301880773?
23, 13125251
List the prime factors of 749529040.
2, 5, 13, 839, 859
What are the prime factors of 5852368?
2, 365773
What are the prime factors of 3075457830?
2, 3, 5, 29, 3535009
List the prime factors of 310429139.
179, 419, 4139
List the prime factors of 59737553.
193, 309521
What are the prime factors of 193336405?
5, 38667281
What are the prime factors of 113159370?
2, 3, 5, 3771979
List the prime factors of 484718118.
2, 3, 97, 389, 2141
What are the prime factors of 11383867?
11, 307, 3371
What are the prime factors of 262179957?
3, 13, 6722563
List the prime factors of 162448643.
7, 463, 50123
List the prime factors of 2728126859.
10037, 271807
What are the prime factors of 103119718?
2, 13, 23, 172441
What are the prime factors of 3988613966?
2, 1994306983
List the prime factors of 278841422.
2, 251, 555461
What are the prime factors of 94442437?
6791, 13907
What are the prime factors of 836921344?
2, 7, 58379
What are the prime factors of 10665760?
2, 5, 7, 89, 107
What are the prime factors of 382843498?
2, 191421749
List the prime factors of 36835378.
2, 31, 594119
What are the prime factors of 3243073344?
2, 3, 7, 2413001
What are the prime factors of 880623241?
23, 139, 275453
What are the prime factors of 5328836540?
2, 5, 523, 509449
List the prime factors of 3760598183.
3760598183
List the prime factors of 43177705.
5, 17, 37, 13729
List the prime factors of 212083183.
13, 31, 641, 821
List the prime factors of 299968886.
2, 7, 149, 20543
List the prime factors of 121852103.
31, 1069, 3677
What are the prime factors of 161313334?
2, 7, 13, 886337
What are the prime factors of 587261993?
1721, 341233
List the prime factors of 745367201.
745367201
What are the prime factors of 5764858823?
67, 151, 569819
What are the prime factors of 38958235?
5, 109, 71483
What are the prime factors of 90459342?
2, 3, 19, 29389
List the prime factors of 1249777291.
7, 3083, 8273
What are the prime factors of 757269412?
2, 389, 486677
What are the prime factors of 70243681?
107, 656483
What are the prime factors of 24403725?
3, 5, 108461
What are the prime factors of 2154738730?
2, 5, 215473873
List the prime factors of 391617610.
2, 5, 17, 601, 3833
What are the prime factors of 241367213?
43, 103, 54497
What are the prime factors of 1443251484?
2, 3, 43, 932333
What are the prime factors of 1164768096?
2, 3, 19, 151, 4229
What are the prime factors of 45707653?
45707653
List the prime factors of 15302130.
2, 3, 5, 23, 67, 331
List the prime factors of 185532458.
2, 17, 31, 103, 1709
What are the prime factors of 753969212?
2, 1884923